c(25). Let s = y + j. What is the remainder when 53 is divided by s?
15
Let i = 360 - 295. Calculate the remainder when 5393 is divided by i.
63
Suppose 0 = -4*f + 3*v + 90, 0 = -4*f + 4*v + 101 - 13. Suppose -5723*x + 5367*x + 25276 = 0. Calculate the remainder when x is divided by f.
23
Suppose 5*j + 2*a - 172 - 413 = 0, -5*j + 585 = 4*a. What is the remainder when 1637 is divided by j?
116
Calculate the remainder when -4 - ((-2)/(-28) + 61975/(-350)) is divided by 26.
17
Suppose 0 = 8*b + 2 + 46. Let k(i) = i**2 - 10*i - 10. Calculate the remainder when k(b) is divided by 18.
14
Suppose 309*j + 4032 = 330*j. What is the remainder when 2692 is divided by j?
4
Let z(w) = -10*w + 11. Let h be z(8). Let q = 43 + h. Let f = q - -34. What is the remainder when 55 is divided by f?
7
Suppose -5*a = 467 - 637. Let p = 113 - 60. Calculate the remainder when p is divided by (-5)/((-4 + 10)/6) + a.
24
Let a(m) = -m**3 + 7*m**2 - 6*m + 5. Let i be a(4). Suppose i = 2*k - 3*z, 4*k + k - 20 = -3*z. Calculate the remainder when 25 is divided by k.
4
Let x = 73 - 42. Suppose -4*c = 5*v - x, 0*v - 5*v + 2*c = -7. Suppose -z + o + 53 = z, v*o - 105 = -5*z. What is the remainder when 69 is divided by z?
21
Let d(u) = -u**2 + 18*u + 25. Let p be d(19). Let i(o) = 2*o**2 + o - 43. What is the remainder when i(p) is divided by 28?
7
Suppose 2*x + 12 = -2*x. Let d = 1 - x. Let l = 793 - 782. What is the remainder when l is divided by d?
3
Suppose -y - 281 = -2*n + 46, 0 = -5*n + 4*y + 813. Calculate the remainder when 213 is divided by n.
48
Suppose -5*r = -5*d - 6355, 2*r + 3*d - 903 = 1609. Calculate the remainder when r is divided by 120.
65
Let n(t) = -5 - t**3 + 3*t**2 - 3*t + 5*t**2 + t**2 + 4*t. What is the remainder when n(7) is divided by 32?
4
Calculate the remainder when 4/2*(-3528)/(-112) is divided by 49.
14
Calculate the remainder when (-2266)/66*(-60)/5 is divided by 49.
20
Suppose 0 = -5*k - 13*h + 61234, 3*k + 61180 = 8*k - 5*h. Calculate the remainder when k is divided by 24.
23
Suppose -8*x + 128 = -32. Suppose -54*u + x = -50*u. Calculate the remainder when 14 is divided by u.
4
Let t(s) = -s**2 + 7*s + 59. Let i be t(11). Suppose 0 = i*a - 79 + 4. Calculate the remainder when 17 is divided by a.
2
Suppose 4*k = -10*k + 1596. Suppose 0 = -7*p - 2 + k. Calculate the remainder when ((-160)/(-24))/(2/9) is divided by p.
14
Let x = 7 + -3. What is the remainder when ((-671)/(-22) - 14)*2 is divided by x?
1
Suppose 0 = -37*m + 19 - 93. Calculate the remainder when 175 is divided by (((-500)/6)/10 + m)*-3.
20
Let g(n) = -n**3 + 28*n**2 - 25*n + 23. Suppose 0 = -66*i + 53*i + 351. What is the remainder when g(i) is divided by 16?
13
Suppose 84 = d - 3*o - 22, -5*d - 5*o + 530 = 0. Calculate the remainder when 199 is divided by d.
93
Let n(u) = 60*u**3 + 149*u**2 - 925*u + 26. Calculate the remainder when n(6) is divided by 97.
93
Suppose 3*h = 4*h + 5*a + 17, -3*a = 9. Let f = h + 14. Let b(u) = -u**3 - 4*u**2 + 7*u - 4. Calculate the remainder when b(-7) is divided by f.
10
Let w = -29181 + 29285. What is the remainder when 2391 is divided by w?
103
Suppose 26*w = 775 + 707. Calculate the remainder when 295 is divided by w.
10
Let n(y) = -y**2 + 21*y - 23. Suppose 32*s - 49 = 527. What is the remainder when n(s) is divided by (-100)/(-6) - 2/(-6)?
14
Let b be -4 - ((-8)/4)/(5 + -4). Calculate the remainder when 93 is divided by (40/200)/(b/(-190)).
17
Let r(m) = 2*m**2 + 9*m - 131. What is the remainder when 1619 is divided by r(-14)?
134
Suppose 4*s = -2*w + s + 29, -s - 64 = -5*w. Suppose 1364 - 12 = w*x. Calculate the remainder when x is divided by 10*(-2 - (-7)/2).
14
Let d(o) = -34*o + 835. Calculate the remainder when d(20) is divided by 20.
15
Suppose -5*j + 134 = -91. Calculate the remainder when j is divided by 6/19*(-1261 - -1280).
3
Let w = -8716 + 8857. Calculate the remainder when 1414 is divided by w.
4
Let i = -3031799 + 3031808. Let h(b) = -41*b. Let w be h(-5). Suppose o = -4*s + 3*o + 206, -4*s = -o - w. What is the remainder when s is divided by i?
6
Let p = 4172 - 3940. Calculate the remainder when 516 is divided by p.
52
Suppose a + 2 = -3, -2*n + 2*a = -16. Suppose 0 = -n*f + 3*p + 213, -4*p + p = f - 51. Calculate the remainder when f is divided by 37.
29
Let u(p) = p**3 + 17*p**2 + p + 24. Suppose w + 33 = -0*w - 3*m, -2*m + 28 = -w. Let t = 13 + w. Calculate the remainder when 20 is divided by u(t).
6
Let q(s) = -s**3 + 2*s**2 + s - 206. Let c be q(0). Let h = 374 + c. What is the remainder when h is divided by 34?
32
Let a = 7 - -117. Let u = a - 25. Calculate the remainder when u is divided by (-582)/(-12) + (-6)/(-4).
49
Suppose 0 = -31*m + 298 + 105. What is the remainder when 37 is divided by m?
11
Let u(l) = 73*l**3 + 4*l**2 + 8*l - 44. What is the remainder when u(3) is divided by 153?
151
Let a(r) = r**3 - 9*r**2 - 23*r + 32. What is the remainder when -213*((-18)/(-18) + (-8)/6) is divided by a(11)?
8
Suppose -2*m - 2*m = -72. Let l(z) = -z + 26. Let t be l(10). Suppose -25*k + 297 = -t*k. What is the remainder when k is divided by m?
15
Let h = 2786 - 2551. Calculate the remainder when h is divided by 78.
1
Let s be (-2)/(-3) + 2560/12 + -2. Suppose 10*u = 6*u + s. Suppose -100 = u*o - 58*o. Calculate the remainder when o is divided by 11.
9
Suppose 4*t = 6*t + 16. Let s(a) = -a**2 - 9*a - 4. Let n be s(t). Suppose -n = -4*z + 64. What is the remainder when z is divided by 8?
1
Suppose 3*g - 3*f = 178 + 296, 0 = -3*f. Suppose 82 = -2*y + g. Suppose 2 = -2*a, -i - 2*a + 66 = 3*a. Calculate the remainder when i is divided by y.
33
What is the remainder when (652/(-17))/(132/(-1122)) is divided by 88?
62
Let x = -101285 - -101343. Suppose 5*i = -3*n + 94, -5*i + 6 + 84 = 5*n. Calculate the remainder when x is divided by i.
18
Let j(c) = 3*c**2 - 19*c - 9. Let a be j(15). Let d = -371 + a. Calculate the remainder when 59 is divided by d.
9
Let n = -1838 - -2493. Calculate the remainder when n is divided by 66.
61
Suppose -4*w + 76 = -2*i, i + 26 = -4*w + 108. Let g = 6 - -8. Let y = g + -3. What is the remainder when w is divided by y?
9
Let t(c) = 5*c**2 + 11*c + 104. Let g be t(-10). Suppose 20*s = g + 5946. Calculate the remainder when s is divided by 25.
22
Suppose -5 = q, -81 = -2*w - 119*q + 122*q. What is the remainder when 1811 is divided by w?
29
Let a be ((2*-1)/(36/(-72)))/(-1). Calculate the remainder when 142 is divided by (-2368)/224*14/a.
31
Let c = 454 - 238. Suppose d - 123 = -3*v, -c = -2*d + v + 30. What is the remainder when d is divided by 14?
11
Suppose 456*r - 12627 = 395*r. Calculate the remainder when 1666 is divided by r.
10
Suppose -2*b + 4*q + 375 - 139 = 0, -2*q = 5*b - 578. What is the remainder when b is divided by 25?
16
Let t be ((1/1)/(-3))/((-1)/6). Let f be -31*t - (-11 + 9). Let b = 73 + f. What is the remainder when 33 is divided by b?
7
Let y(m) = -m - 1. Let x be y(9). Let z = -11447 + 11481. What is the remainder when z is divided by -3*6/(-9) - x?
10
Suppose -53*k + 346 = -2781. Suppose 4*h = 0, -61*a + k*a = 2*h - 44. Calculate the remainder when 74 is divided by a.
8
Let c be (-4 - (-2 + -2))/((-2)/(-1)). Suppose c*u - u = -2*s - 29, 0 = u + 5*s - 50. What is the remainder when 138 is divided by u?
33
Let b(m) = 3*m**2 + 104*m + 404. Suppose 0 = -i + 2*i - 3. Suppose 3*h = h + i*a + 81, 0 = 4*h - 5*a - 157. What is the remainder when b(-31) is divided by h?
30
Let m be 90 + (-5 - 0) + -2. Suppose -14*u + m = -13*u - 2*q, -3*q + 3 = 0. Calculate the remainder when u is divided by 22.
19
Let o(s) = 16*s + 59. Let j = 386 - 383. Calculate the remainder when o(j) is divided by 32.
11
Let k(w) = 46*w - 69. Let l(y) = -93*y + 142. Let d(m) = -9*k(m) - 4*l(m). Calculate the remainder when d(-1) is divided by 20.
15
Suppose p = -3*l + 229, -5*p + 860 = -p - 2*l. Calculate the remainder when p is divided by 9.
1
Suppose -5*q - 2*x = -4*x - 8, 0 = -4*q + 4*x + 16. Let p be (q + -6)/((-6)/4). Calculate the remainder when 374/p + (-36)/(-24) is divided by 32.
31
Let w(s) = 2*s + 1. Let i(u) = -28*u - 102. Let h(y) = i(y) + 5*w(y). What is the remainder when 81 is divided by h(-6)?
4
Let l(w) = 7*w**2 - 37*w + 34. Calculate the remainder when 278 is divided by l(9).
10
Suppose -72*o +